8
What is the ten millions digit of 805963976?
0
What is the ten millions digit of 571314796?
7
What is the ten millions digit of 7727479083?
2
What is the millions digit of 289985545?
9
What is the billions digit of 2199280588?
2
What is the thousands digit of 94749119?
9
What is the ten thousands digit of 25834267?
3
What is the billions digit of 4687331981?
4
What is the hundreds digit of 31909595?
5
What is the tens digit of 297395676?
7
What is the millions digit of 53363418?
3
What is the millions digit of 231324022?
1
What is the hundreds digit of 8675646?
6
What is the ten millions digit of 243409343?
4
What is the thousands digit of 44073211?
3
What is the tens digit of 5581422099?
9
What is the units digit of 243008641?
1
What is the thousands digit of 53704500?
4
What is the ten millions digit of 2587766532?
8
What is the units digit of 3410123612?
2
What is the ten millions digit of 109002841?
0
What is the hundred thousands digit of 116322965?
3
What is the units digit of 469622?
2
What is the thousands digit of 744211846?
1
What is the units digit of 22663541?
1
What is the ten millions digit of 7878205644?
7
What is the hundred millions digit of 378250314?
3
What is the millions digit of 35232186?
5
What is the hundreds digit of 3866250702?
7
What is the billions digit of 1863784836?
1
What is the millions digit of 1066885872?
6
What is the units digit of 38530073?
3
What is the tens digit of 492935272?
7
What is the hundred millions digit of 518944975?
5
What is the ten thousands digit of 1077929229?
2
What is the tens digit of 72925011?
1
What is the ten millions digit of 2311866907?
1
What is the hundred millions digit of 4720393426?
7
What is the hundreds digit of 6958604?
6
What is the units digit of 579202676?
6
What is the thousands digit of 3030161693?
1
What is the hundred thousands digit of 52532146?
5
What is the ten millions digit of 487265056?
8
What is the hundreds digit of 23227578?
5
What is the hundreds digit of 635304129?
1
What is the hundreds digit of 5166062332?
3
What is the ten millions digit of 545551965?
4
What is the units digit of 1613869971?
1
What is the millions digit of 26202330?
6
What is the tens digit of 34129203?
0
What is the thousands digit of 637061213?
1
What is the ten millions digit of 282353763?
8
What is the tens digit of 12067581?
8
What is the thousands digit of 3200399516?
9
What is the hundreds digit of 629168092?
0
What is the millions digit of 51875565?
1
What is the ten millions digit of 298448690?
9
What is the hundred thousands digit of 40609112?
6
What is the millions digit of 4731581?
4
What is the hundreds digit of 19078269?
2
What is the tens digit of 213886544?
4
What is the thousands digit of 28605983?
5
What is the ten thousands digit of 882120968?
2
What is the hundreds digit of 21560819?
8
What is the tens digit of 341707375?
7
What is the ten thousands digit of 28101164?
0
What is the hundreds digit of 10175460?
4
What is the units digit of 3209651143?
3
What is the thousands digit of 96854849?
4
What is the ten millions digit of 5501324172?
0
What is the hundreds digit of 38419590?
5
What is the tens digit of 1751788783?
8
What is the hundred thousands digit of 992630964?
6
What is the thousands digit of 5668682782?
2
What is the hundreds digit of 3675885810?
8
What is the hundreds digit of 81135671?
6
What is the millions digit of 997770032?
7
What is the millions digit of 713676671?
3
What is the thousands digit of 132593532?
3
What is the ten thousands digit of 540485854?
8
What is the thousands digit of 48233279?
3
What is the ten thousands digit of 454230174?
3
What is the tens digit of 206280779?
7
What is the hundreds digit of 283441106?
1
What is the hundred thousands digit of 50869725?
8
What is the millions digit of 31489659?
1
What is the thousands digit of 1628871525?
1
What is the hundred thousands digit of 397944416?
9
What is the billions digit of 1094444455?
1
What is the hundreds digit of 22251221?
2
What is the ten thousands digit of 81369418?
6
What is the ten millions digit of 11792110?
1
What is the ten millions digit of 88708799?
8
What is the millions digit of 2212053966?
2
What is the hundred thousands digit of 76986309?
9
What is the hundred thousands digit of 1203820208?
8
What is the thousands digit of 7755827?
5
What is the millions digit of 539641335?
9
What is the hundreds digit of 41087811?
8
What is the hundred millions digit of 832249320?
8
What is the ten millions digit of 2273577987?
7
What is the tens digit of 27305323?
2
What is the hundreds digit of 1856862?
8
What is the ten millions digit of 200795582?
0
What is the ten millions digit of 480880368?
8
What is the hundred millions digit of 1132024713?
1
What is the thousands digit of 3220109?
0
What is the units digit of 152761000?
0
What is the tens digit of 4709720?
2
What is the hundreds digit of 5386235?
2
What is the ten millions digit of 14437430?
1
What is the thousands digit of 92731771?
1
What is the ten thousands digit of 28810526?
1
What is the millions digit of 119241917?
9
What is the units digit of 53231815?
5
What is the ten thousands digit of 3056523708?
2
What is the thousands digit of 71182176?
2
What is the ten millions digit of 3257019864?
5
What is the ten thousands digit of 6590248736?
4
What is the hundred millions digit of 618972080?
6
What is the hundreds digit of 438104310?
3
What is the thousands digit of 83432279?
2
What is the hundreds digit of 46677815?
8
What is the ten millions digit of 1747129270?
4
What is the thousands digit of 2222957?
2
What is the hundred thousands digit of 552522519?
5
What is the thousands digit of 609615894?
5
What is the hundreds digit of 28057477?
4
What is the tens digit of 2903904695?
9
What is the hundred millions digit of 857353613?
8
What is the units digit of 37687553?
3
What is the ten millions digit of 772699183?
7
What is the hundred thousands digit of 24538359?
5
What is the hundred thousands digit of 101077042?
0
What is the millions digit of 31682695?
1
What is the hundreds digit of 106445843?
8
What is the ten thousands digit of 4461416015?
1
What is the ten thousands digit of 379717980?
1
What is the millions digit of 230695452?
0
What is the hundred millions digit of 415930044?
4
What is the ten thousands digit of 1418734434?
3
What is the ten thousands digit of 5249353920?
5
What is the hundreds digit of 455735249?
2
What is the ten thousands digit of 399798497?
9
What is the hundred millions digit of 1730612974?
7
What is the thousands digit of 95845050?
5
What is the units digit of 52827729?
9
What is the thousands digit of 900986009?
6
What is the hundred thousands digit of 55514330?
5
What is the ten millions digit of 728685251?
2
What is the units digit of 208953260?
0
What is the tens digit of 849779522?
2
What is the millions digit of 160185705?
0
What is the units digit of 48683905?
5
What is the tens digit of 86043420?
2
What is the hundred millions digit of 630834161?
6
What is the hundreds digit of 310638039?
0
What is the ten thousands digit of 5568244315?
4
What is the units digit of 2024689208?
8
What is the tens digit of 12248612?
1
What is the tens digit of 940993946?
4
What is the billions digit of 2829044190?
2
What is the hundreds digit of 137705975?
9
What is the millions digit of 38819585?
8
What is the ten millions digit of 1672215941?
7
What is the ten millions digit of 969337642?
6
What is the units digit of 44208924?
4
What is the thousands digit of 35938568?
8
What is the millions digit of 874857773?
4
What is the thousands digit of 128589470?
9
What is the thousands digit of 20274635?
4
What is the millions digit of 480686015?
0
What is the hundred thousands digit of 57059618?
0
What is the ten millions digit of 2432255720?
3
What is the ten thousands digit of 730876826?
7
What is the thousands digit of 20862268?
2
What is the ten thousands digit of 163854352?
5
What is the millions digit of 36495418?
6
What is the hundred millions digit of 730001236?
7
What is the billions digit of 2039405449?
2
What is the tens digit of 250024875?
7
What is the thousands digit of 9147784610?
4
What is the tens digit of 70290907?
0
What is the units digit of 215439575?
5
What is the tens d